 the units digit of s?
1
Suppose -13 + 4 = -9*s. Let a be 546/2 + (-1)/s + 3. Let r = a + -191. What is the units digit of r?
4
Let c be 1/(2/24)*30/90. Suppose 4*t + 3*l - 973 = 0, 0 = -c*t + 3*l - 10 + 965. What is the units digit of t?
1
Let w(a) = -8*a + a**2 + 3*a**2 - 5 + 2 + a**2. Let f be 47/(-9) - (-20)/90. What is the tens digit of w(f)?
6
Let n(o) = 8*o + 65. Let s be n(-8). What is the hundreds digit of 3 + 671 - (5 + s)?
6
Suppose 0 = -2*l + l - 1, -2*b = -4*l - 22. Let d = 14 - b. Let i(v) = v**3 - 6*v**2 + 6*v + 5. What is the units digit of i(d)?
0
What is the ten thousands digit of ((-14112)/(-216) + -66)*(-38)/4*2658?
1
Suppose -368561 = 4034*z - 4063*z. What is the ten thousands digit of z?
1
Let k = -5223 - -20184. What is the units digit of k?
1
What is the ten thousands digit of 83500/3 - 1 - (0 - 34/51)?
2
Let z(s) = 197*s**3 + 7*s**2 + 7*s + 9. Let i(p) = -66*p**3 - 2*p**2 - 2*p - 3. Let k(o) = -7*i(o) - 2*z(o). What is the tens digit of k(2)?
4
Suppose 205*x = 197*x + 16. Suppose 5*l - 709 = -x*s, -5*s = -l - 4*l - 1755. What is the hundreds digit of s?
3
Suppose 4*v - 70368 = -6*z + z, -3*v = z - 14089. What is the units digit of z?
8
Let d be -1659 - ((2 - 3 - -1) + 1). What is the hundreds digit of 9/(-2)*(1 + d/12)?
6
Let r = 1604 - 1044. Let f = 52 + r. What is the hundreds digit of f?
6
What is the hundreds digit of 576434/12 - (0 - 1)*128/(-768)?
0
Let a(w) = 53*w**2 - 3 - 52*w**2 + 13*w + 2. Let r be a(-8). Let y = -34 - r. What is the units digit of y?
7
Suppose -3*s - 11823 = -5*j - 35423, 2*j = 2*s - 15732. What is the units digit of s?
5
Let t = -15201 - -15651. What is the units digit of t?
0
Suppose 0 = 4*b - 65444 - 9096. What is the units digit of b?
5
Suppose -177 = -5*y + 2*f, 3*y + f - 126 = -22. Let g be (-42)/y*15/3. Let i = 14 - g. What is the tens digit of i?
2
Let w(q) = -57*q - 57. Suppose 0 = -11*f + 114 - 290. What is the hundreds digit of w(f)?
8
Let p(b) = -b + 17. Suppose 2*h - 1 = 3*q + 18, 5*q + 30 = 3*h. Let v be p(h). Suppose v*r = r + 2046. What is the hundreds digit of r?
1
Let f = -33749 - -50974. What is the tens digit of f?
2
Let a = -24 - -22. What is the units digit of 167/1 - (a + 0 - -1)?
8
Let b(w) = 1096*w**2 - 49*w + 272. What is the units digit of b(4)?
2
Let u(z) = 8*z**2 - 30*z + 419. What is the units digit of u(-61)?
7
Let u = -2376 + 3593. Let q = u + -827. What is the hundreds digit of q?
3
Let s(g) = 2*g**3 + g. Let m be s(1). Let c(v) = -5*v + 0*v + v**2 - 6 - m. What is the units digit of c(-6)?
7
Let q = -8260 + 22311. What is the thousands digit of q?
4
Let f(k) be the third derivative of k**5/10 - 17*k**4/24 - 11*k**3/6 + 12*k**2 + 3. What is the units digit of f(10)?
9
Let t be 46386/24 - (-6)/8*-1. Suppose -t = -7*j + 406. What is the units digit of j?
4
Let f be 1/(-1*1/(-14)). Let s = f - -521. What is the hundreds digit of s?
5
Let l(f) = f**3 + 3*f**2 - 5*f. Let m be l(-4). Suppose -3*z - s + 1563 = -490, -4 = -m*s. What is the tens digit of z?
8
Let q = -15281 - -15371. What is the tens digit of q?
9
Suppose -1721 = -h + 755. What is the hundreds digit of h?
4
Let t(r) = 50*r**3 + 53*r**2 + 18*r + 26. What is the hundreds digit of t(11)?
1
Let a(b) = 59*b - 19. Let o = 233 + -229. What is the tens digit of a(o)?
1
Suppose 2*i - t - 20 = 0, -3*t - 2*t = -5*i + 40. Suppose 7*g + 2*g + 54 = 0. What is the tens digit of 2/i*118 + (-2)/g?
2
Let y = -15 + 40. Suppose r + 3*r = -5*f + y, 3 = 3*f. What is the tens digit of 349/r + (-1)/(-5)?
7
Suppose 0 + 57 = 19*v. Suppose 2*k + 336 = v*k. What is the units digit of k?
6
Suppose 0 = u - 4*a - 10643, 59*a - 56*a - 53330 = -5*u. What is the thousands digit of u?
0
Let x = -7244 - -19570. What is the ten thousands digit of x?
1
Suppose 5*d + 6*x = 10*x + 4986, -4*d = 2*x - 3968. Let c = 1966 - d. What is the tens digit of c?
7
Let w(u) = -4*u**3. Let q be w(-1). Suppose -5*s - 2*o + 562 + 243 = 0, -q*s + 4*o = -672. What is the hundreds digit of s?
1
Let u be 2 + (0 - (1 - -4)). What is the units digit of (-221)/((-9)/3 + (-1 - u))?
1
Suppose 77 = 3*h - 5*f, -5*f + 56 = -h + 5*h. Let c = h + -14. Suppose c*l = 258 - 68. What is the units digit of l?
8
Suppose 2*t = -26*r + 30*r - 6194, 0 = 5*r - t - 7747. Suppose -a - 4*b = -765, 2*a + 0*b = -4*b + r. What is the tens digit of a?
8
Suppose 0 = 9*g + 2*g - 374. Suppose 4*i + g*i - 69540 = 0. What is the units digit of i?
0
Let a be (102/9)/(11/33). Suppose 0 = 2*r - 10, -971 = -c - a*r + 30*r. What is the tens digit of c?
5
Suppose -72157 = 28*y - 24417. Let h = -485 - y. What is the tens digit of h?
2
Let t be 9/6*32/12. Suppose t*u = -u - k - 84, 5*u = 2*k - 72. Let v(p) = -p**2 - 17*p + 5. What is the tens digit of v(u)?
2
Let m(x) = -11*x - 1. Let t be m(-1). What is the units digit of (-8 + t)/((-1425)/477 + 3)?
9
Suppose -h + 1909 = 8*t - 9*t, -h + 5*t = -1921. What is the hundreds digit of h?
9
Suppose 3*t + 62466 = 5*j + 10069, t + 20960 = 2*j. What is the ten thousands digit of j?
1
What is the units digit of (5/1*-4961)/(1047 - 1048)?
5
Suppose -19 = -5*t + 2*y + 3, -26 = -3*t - 2*y. Suppose 0 = -5*z - 15, 2*z + t = d - 3*z. What is the hundreds digit of 1/(-4)*12/d*381?
1
Let o(w) = -224*w + 54. What is the thousands digit of o(-27)?
6
Let n(q) = -23*q**2 + 2*q - 15. Let x be n(4). Let d = 572 + x. What is the units digit of d?
7
Suppose -u + 15*u = -57*u + 2628278. What is the units digit of u?
8
Suppose 6 = -9*m - 3. What is the units digit of m/(-5) + (-34529)/(-55) + 2?
0
Suppose 5*r - 4190 = y, 5*r - 4*y - 4669 + 479 = 0. Let h = r - 40. What is the units digit of h?
8
Let w = -3780 - -8705. What is the thousands digit of w?
4
Suppose 4*w - 3*r = -7, -5*w + w = r - 13. Let z = 32 - 29. Suppose 4*f - z*g = w*g + 429, -3*f = g - 298. What is the tens digit of f?
0
Suppose -4*f = -4*z - 4, 3*f - 4*z = 5*f - 20. Suppose 0 = 4*r - f*g - 6768, 4*r + g - 6756 = 2*g. What is the tens digit of r?
8
Let w(n) = n**3 + 13*n**2 + 12*n - 12. Let u be w(-8). Let j = -489 + 920. Let o = j - u. What is the tens digit of o?
1
Suppose -145510 = -4*q + q + 2*b, -4*b + 193980 = 4*q. What is the units digit of q?
0
Let h(d) = -d**3 + 18*d**2 + 10*d - 73. Let t be h(8). Suppose -3*x = -4*a - 1143, 469 = 3*x + 5*a - t. What is the hundreds digit of x?
3
Let b(o) = 79*o + 42. Let x(l) = -316*l - 171. Let c(f) = 9*b(f) + 2*x(f). What is the tens digit of c(5)?
3
Let a(x) = x**2 + x. Let v(i) = 3*i**2 + 12*i + 24. Let o(w) = -4*a(w) + v(w). Let q(c) = 7*c**2 - 28*c + 10. Let h be q(4). What is the units digit of o(h)?
4
Let w(i) = -i**3 + i**2 + 5*i. Let d be w(-2). Suppose q = -d*q + 6. What is the units digit of q?
2
Let k(p) = 2*p**3 + 8*p**2 - 11*p + 3. Let t be k(-5). Suppose -t*o - o + 477 = 0. Suppose 3*n - 249 = 2*d, n - o - 19 = -3*d. What is the units digit of n?
1
Let d = 3530 - -8576. What is the units digit of d?
6
Suppose 0 = 3*h - 4*w - 509 - 53, 5*h - 954 = -2*w. Suppose -12 - 6 = -3*i. Suppose -h = -4*l + i. What is the units digit of l?
9
Suppose -3*q + 2*o + 9 = 0, o = 2*q - 2*o - 6. Suppose 0 = -q*u, -u = 3*t - 2 - 1. What is the units digit of t + 1 + 8/(-4) - -9?
9
Let k be (-27648)/(-42) + -4 - (-6)/(-21). Suppose -8*g + 4*g = -2*q + k, 1296 = 4*q - 2*g. What is the tens digit of q?
2
Suppose -n - i = -1, -3*n - 5*i + 4 = 5. Suppose -g - 4*g + 3*f = -2028, n*g - 2*f = 1216. What is the units digit of g?
8
Suppose -19*c = -98 - 73. Suppose 8*h - 2*k = c*h - 116, k = -3*h + 343. What is the tens digit of h?
1
Suppose 151*d - 155*d + 3*v + 11464 = 0, -4*d - 2*v + 11444 = 0. What is the tens digit of d?
6
What is the units digit of (-5)/(-4) + -13805*(-84)/560?
2
Suppose 3*o = -3*u + 33543, 20793 = 4*u - o - 23951. What is the hundreds digit of u?
1
Let g = 505 - 199. Suppose 0*h = 6*h - g. Let q = h + -46. What is the units digit of q?
5
Let k be -5 + 15 - 259/(-7). Let q = 48 - -6. Let p = q - k. What is the units digit of p?
7
Suppose 4*y + 2*z = 30, 0 = 2*y + 5*z - 14 - 5. Suppose 4*r = 4*q + 4, -4*q = -3*q - 3*r + y. What is the units digit of -4 + 114/q - (-2 - -6)?
9
Suppose 303 = 2*u - 1. Suppose -4*b + g = -587, -u = -b + 2*g - 0*g. Suppose -5*f = b - 381. What is the tens digit of f?
4
Let o = 71 - 33. Let t = -840 - -833. Let a = t + o. What